/4. Let u be 4/1*18/4 + -1. Suppose 4*w + 4*n - 28 = -0*w, -3*w = 2*n - u. Calculate the greatest common divisor of g and w.
3
Let q be (-30)/(-20) - (-63)/2. Suppose -3*a = -132 - q. Let z be 108/5 - 2/(-5). Calculate the greatest common factor of a and z.
11
Let b be 3/12*(7 + -3). Let g be -1 + b + -2 + 24. What is the highest common divisor of g and 242?
22
Suppose 122 = 2*j + 8*o - 5*o, -3*o = -4*j + 226. What is the highest common divisor of j and 203?
29
Let d be 1/2 - (-57)/2. Suppose v - 8 = 4*w - 5, 0 = -2*v - 4*w + 6. Suppose 118 = 4*p + v*m - m, 2*p = 4*m + 54. What is the highest common divisor of p and d?
29
Suppose -18*x + z = -17*x - 73, 2*z + 68 = x. Calculate the highest common divisor of x and 26.
26
Suppose 0 = -3*a + 108 + 33. Let p = -30 + 4. Let t = a + p. Calculate the greatest common divisor of 7 and t.
7
Let l(x) = -x**2. Let j(z) = -5*z**2 - 3. Let t(d) = j(d) - 6*l(d). Let f be t(-4). What is the greatest common divisor of f and 39?
13
Suppose 2*r - 11 = -2*k - 3*k, -4*r = -4*k + 20. Let z be 336/36*(-3)/r. What is the highest common factor of 35 and z?
7
Suppose -b + 38 = -5*p, -p = -2*b - 2*p + 87. Suppose -29 = -2*h - 3*g, -2*h - 3*g = 2*h - b. What is the greatest common factor of h and 1?
1
Let g be 17 - 1 - (-70 + 70). Calculate the highest common factor of 18 and g.
2
Let y(a) = a**2 - 15*a + 9. Let d be y(15). Calculate the highest common divisor of 117 and d.
9
Suppose -4*a = -3*i + 4*i - 17, -2*i - 6 = 0. Suppose 0 = -4*b - 2*h + 58, a*h + 65 = 4*b - 0*b. What is the highest common divisor of b and 6?
3
Let r(s) = 3*s**2 - 27*s + 38. Let w be r(8). What is the greatest common divisor of 28 and w?
14
Suppose -2*p + 4*t + 110 = 0, 2*t = -p - 2*p + 125. Suppose -2*i + 19 = y, -y + 6*y + 3*i = 81. Calculate the greatest common divisor of y and p.
15
Suppose p = 2*z - 13, -2*z + z - 1 = -2*p. Calculate the highest common divisor of z and 639.
9
Suppose -9*f = -2*b - 11*f + 92, b + 2*f - 49 = 0. Calculate the greatest common factor of b and 9.
1
Suppose -148 - 632 = -13*d. What is the highest common divisor of d and 168?
12
Suppose -i + 22 = -2*h, 0*i - 3*i + 69 = -5*h. Let w = -11 - -14. Let q be (6 - 5) + 10 + w. Calculate the highest common divisor of q and i.
14
Suppose -11 = -2*r - 2*r + 3*i, 2*i + 4 = 2*r. Suppose -r*w = -2*b - 244, 2*w - 4*b = -2*b + 94. What is the greatest common divisor of w and 10?
10
Let f(p) = 161*p**3 + 51 + 48 - 98 + p - p**2. Let a be f(1). Calculate the highest common divisor of a and 18.
18
Suppose -39*w = -23*w - 128. What is the highest common divisor of 88 and w?
8
Let u(b) = b**3 + 10*b**2 + 15*b + 10. Let j be u(-5). What is the highest common factor of j and 70?
10
Let v = 14 - 0. Let u = 18 + v. Calculate the greatest common divisor of u and 224.
32
Suppose -3*p + 446 = -t, 16 = 15*t - 11*t. Calculate the greatest common divisor of p and 90.
30
Let g be 4 - (0 - -11) - -207. Calculate the greatest common factor of 8 and g.
8
Let y(v) = 5*v + 8. Let g be y(2). Calculate the greatest common divisor of 216 and g.
18
Suppose 15*c - 14310 = -38*c. Calculate the highest common factor of c and 150.
30
Suppose -4256 = -933*o + 929*o. What is the highest common divisor of o and 56?
56
Let n(x) = 9*x + 7. Let m = 64 + -61. Let u be n(m). What is the greatest common factor of u and 374?
34
Let g(k) = 9*k + 84. Let w be g(-9). What is the greatest common divisor of 39 and w?
3
Suppose -5 = -c + 21. Suppose 3*j - 58 - 35 = k, k = j - 83. Let i be (128/24)/((-4)/k). Calculate the greatest common divisor of i and c.
26
Suppose 0 = -5*w + 3*w - 4. Let m(t) = t + 3. Let y be m(w). Let u be 1*20*11/44. What is the greatest common factor of u and y?
1
Suppose -23*k + 944 = -2368. Calculate the greatest common divisor of 256 and k.
16
Let b(t) = -539*t**3 + t**2 - 15*t - 15. Let d be b(-1). What is the greatest common divisor of 12 and d?
12
Suppose -5*p + 12 = -c, 0 = p + 2*p - 3*c - 12. Let r be (1/p)/((-1)/(-30)). Let s be (46 + 13 + -1 + 2)*2. Calculate the greatest common divisor of s and r.
15
Suppose -3*w + 5*o = -15, -w + 5*o = -6*w + 25. Suppose -x + 17 = w. Let b be (x/10 + -2)*-160. What is the greatest common divisor of b and 16?
16
Let k be (1 - 4)/(26/(-24) - -1). Let z be 4/(-10) + 22/5. Suppose 23 = z*m + 5*o, -2*m + o + 0*o + 29 = 0. What is the highest common factor of m and k?
12
Let u be 60/(-750) - (-7954)/50. Calculate the greatest common divisor of 212 and u.
53
Let o be -8 + 63729/45 + 2/(-10). Calculate the highest common divisor of o and 11.
11
Let u = -19 + -119. Let y = 146 + u. Calculate the highest common divisor of 152 and y.
8
Let f be 0 + (2 - 2) - -19. Let n = 35 + f. Calculate the highest common factor of n and 6.
6
Suppose 0 = q - k - 8, 3*q + 16 = -8*k + 3*k. Suppose q*d + 44 = 7*d. Let r = -7 + d. What is the highest common divisor of r and 8?
4
Suppose -132 = -2*a - b - 4*b, -4*a - b + 228 = 0. What is the highest common divisor of 91 and a?
7
Suppose g = -3*g. Let q be (2 + g)/((-1)/(-5)). What is the greatest common factor of q and 70?
10
Suppose -p + 64 = f + 2*p, 5*f - 4*p - 263 = 0. Let m = 45 + -17. Let u = -6 + m. Calculate the greatest common divisor of u and f.
11
Let o be (2 + -1)*(-2 - -2). Let g(h) = h + 8. Let j be g(o). Calculate the greatest common divisor of j and 12.
4
Suppose -4*g = -3*b + 92, 2*b + 3*b - 4*g = 156. Calculate the greatest common factor of b and 4.
4
Let z = -47 + 87. Let f = -7 + 0. Let c be (2 - f)/(-3) - -19. Calculate the highest common divisor of z and c.
8
Let w(q) = 3*q**2 - 67*q - 34. Let g be w(23). Calculate the highest common factor of 56 and g.
4
Suppose 5*v = -2*s + 609, -s + 2*v - 897 = -4*s. Let k(q) = -q**2 + 36*q - 88. Let h be k(33). What is the highest common divisor of h and s?
11
Let u = -206 - -486. Calculate the highest common divisor of u and 84.
28
Suppose 2 + 8 = 5*r. Let n be (r/3)/((-14)/357). Let h = n + 77. What is the greatest common divisor of 15 and h?
15
Let g(x) = 6*x - 9. Let b be g(2). Suppose -b*c + 24 = -c. Suppose 5*v + 1 = 31. What is the highest common divisor of v and c?
6
Let k(l) = 16*l - 157. Let p be k(15). Calculate the greatest common factor of 332 and p.
83
Suppose -10 = 5*f + 4*r - 2, -3*f = 5*r - 3. Let n = 4 + f. Suppose n*g = 5*g, 0 = -3*i + 5*g + 300. What is the greatest common divisor of 20 and i?
20
Let u = 400 + -390. Calculate the greatest common divisor of 14 and u.
2
Let n(s) = -s + 8. Let m be n(6). Suppose -m*b + 3*u = -212, -3*u = -2*u + 4. What is the highest common factor of b and 10?
10
Let r be (6/12)/((-3)/198). Let a be 4/22 - 159/r. Suppose 48 = a*g - g. Calculate the greatest common factor of g and 8.
4
Let o(i) = 2*i**2 + 63*i + 519. Let p be o(-15). Suppose 3*g - 11 = 7. Calculate the highest common divisor of g and p.
6
Let f be 30/4 - -7*16/(-224). What is the greatest common factor of f and 224?
7
Suppose 3*r = 7*r + 5*d - 426, r - 98 = 3*d. Let u be (r - 4) + 3/3 + -2. Calculate the highest common divisor of u and 11.
11
Let x be ((-4)/18 - 25/9) + 14. What is the highest common factor of 143 and x?
11
Let a(n) = -11*n - 33. Let w be a(-6). What is the greatest common divisor of 66 and w?
33
Let o = -54 + 57. Suppose 2*q + 3*w = 51, -3*w = q - 2*q + o. Calculate the greatest common divisor of 9 and q.
9
Suppose -2*m - 4 = 0, -4*b - 9*m + 12*m + 1674 = 0. Calculate the highest common factor of b and 3.
3
Let t = -180 - -230. Calculate the highest common divisor of t and 75.
25
Let w be (23/(-69))/((2/(-486))/1). What is the highest common factor of 9 and w?
9
Suppose 19*k - 20*k = -84. What is the highest common divisor of 24 and k?
12
Suppose 0 = -t - 5*m + 14, -5*t + 0*t + 136 = 3*m. Let p(q) = -44*q + 14. Let l be p(-1). What is the greatest common divisor of t and l?
29
Let p be (-575)/115*174/(-5). Calculate the highest common factor of 406 and p.
58
Suppose 0*f - f - 13 = -5*i, 4*f - 38 = 2*i. Suppose 4*j + 0*j - f = 0. What is the greatest common divisor of 9 and j?
3
Let j(v) = v**3 - 4*v**2 - 3*v - 7. Let w be j(5). Let l be 2/(-2)*0/w. Suppose -5*y = -l*y - 75. Calculate the highest common factor of y and 10.
5
Let h = -34 + 75. Let a(x) = -x**3 - 6*x**2 + 30*x + 12. Let u be a(-11). What is the greatest common factor of u and 